he highest common factor of 10 and 9190?
10
What is the greatest common divisor of 120 and 570?
30
Calculate the highest common divisor of 575 and 23.
23
Calculate the greatest common factor of 2350 and 100.
50
What is the highest common divisor of 1 and 411?
1
What is the greatest common factor of 61 and 244?
61
What is the highest common factor of 378 and 174?
6
Calculate the greatest common divisor of 3364 and 29.
29
What is the highest common factor of 1554 and 42?
42
Calculate the greatest common factor of 105 and 6195.
105
Calculate the highest common divisor of 310 and 10.
10
What is the greatest common divisor of 4335 and 15?
15
What is the greatest common factor of 15 and 115?
5
Calculate the greatest common divisor of 60 and 16860.
60
What is the highest common factor of 2541 and 147?
21
What is the greatest common factor of 99 and 22?
11
Calculate the greatest common factor of 196 and 238.
14
What is the highest common factor of 28 and 700?
28
What is the highest common factor of 2214 and 54?
54
What is the greatest common factor of 9 and 49680?
9
What is the highest common divisor of 14 and 350?
14
What is the highest common factor of 735 and 77?
7
Calculate the greatest common factor of 231 and 88.
11
What is the highest common divisor of 125 and 325?
25
Calculate the greatest common factor of 744 and 24.
24
What is the greatest common divisor of 1027 and 711?
79
What is the greatest common factor of 144 and 688?
16
What is the greatest common divisor of 187 and 8789?
187
What is the highest common factor of 52 and 988?
52
What is the highest common divisor of 42 and 378?
42
What is the highest common factor of 7 and 217?
7
What is the highest common divisor of 3161 and 545?
109
Calculate the greatest common factor of 208 and 221.
13
What is the greatest common factor of 248 and 48?
8
What is the highest common divisor of 15 and 9?
3
Calculate the highest common divisor of 890 and 267.
89
Calculate the highest common factor of 385 and 5.
5
Calculate the highest common factor of 46 and 184.
46
What is the highest common factor of 9 and 333?
9
What is the greatest common factor of 21 and 93?
3
What is the greatest common divisor of 1407 and 63?
21
What is the highest common divisor of 47 and 17?
1
What is the greatest common factor of 2265 and 60?
15
What is the greatest common divisor of 30530 and 43?
43
Calculate the highest common factor of 261 and 9.
9
What is the greatest common factor of 140 and 5280?
20
What is the highest common divisor of 279 and 31?
31
What is the greatest common factor of 297 and 264?
33
Calculate the highest common factor of 53 and 53.
53
What is the highest common divisor of 25 and 325?
25
What is the greatest common factor of 38 and 3154?
38
Calculate the greatest common factor of 2093 and 161.
161
What is the highest common divisor of 357 and 84?
21
Calculate the highest common factor of 544 and 1184.
32
What is the highest common divisor of 38 and 2299?
19
Calculate the highest common divisor of 30 and 555.
15
Calculate the greatest common divisor of 8700 and 1914.
174
What is the greatest common factor of 15 and 905?
5
What is the highest common factor of 306 and 2040?
102
Calculate the highest common factor of 104 and 1352.
104
What is the greatest common divisor of 92 and 1564?
92
What is the greatest common divisor of 1672 and 456?
152
What is the highest common divisor of 188 and 53204?
188
What is the greatest common factor of 48 and 612?
12
Calculate the highest common factor of 214 and 5778.
214
Calculate the greatest common divisor of 30 and 2830.
10
What is the greatest common factor of 40 and 1140?
20
Calculate the highest common factor of 325 and 550.
25
Calculate the highest common factor of 494 and 1378.
26
Calculate the highest common divisor of 114 and 38.
38
What is the highest common factor of 1812 and 12?
12
What is the highest common factor of 2 and 338?
2
What is the highest common factor of 8 and 68?
4
What is the highest common factor of 22 and 2189?
11
Calculate the highest common divisor of 6 and 90.
6
What is the greatest common divisor of 189 and 513?
27
What is the highest common divisor of 26840 and 8?
8
What is the highest common factor of 4275 and 57?
57
What is the greatest common factor of 819 and 651?
21
Calculate the greatest common divisor of 374 and 136.
34
What is the greatest common factor of 1188 and 55?
11
What is the highest common divisor of 8 and 128?
8
Calculate the greatest common factor of 2 and 47.
1
Calculate the greatest common factor of 282 and 9682.
94
Calculate the greatest common divisor of 342 and 3876.
114
Calculate the greatest common factor of 720 and 1035.
45
Calculate the greatest common divisor of 245 and 63.
7
What is the greatest common factor of 134 and 67?
67
What is the greatest common factor of 42 and 56?
14
What is the greatest common factor of 2056 and 88?
8
What is the greatest common divisor of 96 and 120?
24
Calculate the greatest common factor of 34500 and 12.
12
Calculate the highest common factor of 28 and 15260.
28
What is the greatest common divisor of 165 and 3685?
55
Calculate the highest common factor of 35 and 135.
5
What is the highest common divisor of 128 and 216?
8
Calculate the greatest common divisor of 306 and 34.
34
What is the highest common divisor of 2114 and 14?
14
What is the highest common factor of 4 and 4?
4
What is the greatest common divisor of 312 and 221?
13
What is the highest common divisor of 176 and 55?
11
Calculate the greatest common divisor of 76 and 14174.
38
What is the greatest common factor of 714 and 17?
17
Calculate the greatest common factor of 26 and 10.
2
What is the greatest common factor of 9 and 9?
9
Calculate the greatest common factor of 833 and 17.
17
What is the highest common factor of 3052 and 28?
28
What is the highest common divisor of 50 and 3350?
50
What is the greatest common factor of 905 and 181?
181
Calculate the greatest common divisor of 154 and 22.
22
What is the greatest common divisor of 52 and 8242?
26
Calculate the greatest common divisor of 30905 and 35.
35
Calculate the highest common factor of 2772 and 88.
44
Calculate the highest common divisor of 2304 and 144.
144
Calculate the highest common factor of 869 and 1501.
79
What is the greatest common divisor of 116 and 1218?
58
What is the greatest common factor of 303 and 1313?
101
What is the greatest common factor of 69 and 1311?
69
What is the highest common factor of 10 and 1270?
10
Calculate the greatest common factor of 384 and 1632.
96
What is the highest common divisor of 24 and 5556?
12
What is the greatest common divisor of 308 and 84?
28
What is the greatest common factor of 590 and 4248?
118
Calculate the highest common divisor of 945 and 35.
35
What is the greatest common factor of 188 and 235?
47
What is the greatest common divisor of 3352 and 8?
8
What is the highest common divisor of 1000 and 125?
125
What is the greatest common divisor of 5 and 355?
5
Calculate the greatest common divisor of 141 and 235.
47
What is the greatest common factor of 1711 and 841?
29
Calculate the highest common divisor of 224 and 70.
14
Calculate the greatest common factor of 54 and 30.
6
What is the highest common divisor of 475 and 4940?
95
Calculate the greatest common divisor of 2149 and 14.
7
Calculate the greatest common factor of 16 and 472.
8
What is the greatest common factor of 962 and 555?
37
What is the highest common factor of 10 and 1680?
10
What is the highest common factor of 480 and 2780?
20
Calculate the highest common divisor of 11868 and 6.
6
Calculate the highest common factor of 725 and 400.
25
Calculate the highest common divisor of 22 and 15.
1
Calculate the greatest common divisor of 20 and 1620.
20
What is the highest common divisor of 32 and 4?
4
What is the greatest common factor of 2624 and 1?
1
What is the greatest common divisor of 136 and 96?
8
What is the highest common divisor of 12 and 4096?
4
What is the highest common divisor of 52 and 143?
13
Calculate the greatest common divisor of 26 and 8.
2
What is the highest common divisor of 6125 and 49?
49
What is the greatest common factor of 87 and 29?
29
Calculate the highest common divisor of 96 and 60.
12
What is the highest c